 16 - -5?
1b
In base 7, what is 2 - 4?
-2
In base 13, what is -2 + -31?
-33
In base 6, what is -1145 + -3?
-1152
In base 6, what is -4 - 301?
-305
In base 14, what is 4 - 10?
-a
In base 5, what is 1 - 34204?
-34203
In base 11, what is 9 + 27?
35
In base 8, what is 5 + 5477?
5504
In base 4, what is 11 + -2221?
-2210
In base 7, what is 313 + 2?
315
In base 13, what is 6 - -252?
258
In base 3, what is 210 + 10100?
11010
In base 4, what is 12011 + 2?
12013
In base 15, what is -4d + -3?
-51
In base 8, what is 11774 + 2?
11776
In base 15, what is -23 - 1ad?
-1d1
In base 3, what is -201 - -220?
12
In base 10, what is 5210 - -4?
5214
In base 8, what is 0 + -4?
-4
In base 7, what is -161 + 540?
346
In base 15, what is -721 + 2?
-71e
In base 12, what is -1114 + -5?
-1119
In base 13, what is -2c3 + -2?
-2c5
In base 13, what is -9 + -16?
-22
In base 3, what is -10022 - 10?
-10102
In base 12, what is -2 + 2?
0
In base 2, what is -1110 + 100101?
10111
In base 15, what is 2 + 1b67?
1b69
In base 6, what is 255 + 4?
303
In base 16, what is -d + 11b?
10e
In base 12, what is -5 - -220?
217
In base 10, what is 54 + 15?
69
In base 10, what is -1 + -28?
-29
In base 4, what is -213130 - -12?
-213112
In base 16, what is 0 + 13c?
13c
In base 3, what is -10 + -2010?
-2020
In base 6, what is 2 + -3224?
-3222
In base 5, what is 1 - 1104?
-1103
In base 5, what is 343200 + -4?
343141
In base 10, what is -3 - 488?
-491
In base 6, what is -35 + 2234?
2155
In base 5, what is -31 + -1?
-32
In base 9, what is -4 + -1448?
-1453
In base 10, what is -119 + -21?
-140
In base 15, what is -54 + -d?
-62
In base 16, what is -20 + -366?
-386
In base 8, what is -2205 - 5?
-2212
In base 15, what is 5 - -76?
7b
In base 9, what is 221 + -1?
220
In base 10, what is 15 + 213?
228
In base 16, what is -1 + 192?
191
In base 2, what is -101111011001 + -10?
-101111011011
In base 13, what is 5 - 499?
-494
In base 5, what is 3 + 30120?
30123
In base 11, what is 115 - -33?
148
In base 16, what is -3 - 17?
-1a
In base 6, what is 4 + 410?
414
In base 8, what is 6 - 5266?
-5260
In base 16, what is -a03 - -6?
-9fd
In base 15, what is -1681 + -5?
-1686
In base 7, what is -26436 - 4?
-26443
In base 12, what is -2a - -b9?
8b
In base 16, what is 5 - a4?
-9f
In base 5, what is 1024 + -41?
433
In base 2, what is 1100 + -110?
110
In base 11, what is 264 - 0?
264
In base 15, what is -1 - a9?
-aa
In base 9, what is 16 + 0?
16
In base 5, what is -1 + -10041?
-10042
In base 8, what is 102 - -3?
105
In base 10, what is 3 + 180?
183
In base 7, what is 3661 + -5?
3653
In base 5, what is 1233 + -3?
1230
In base 2, what is -100110 + -1001?
-101111
In base 8, what is -4457 - 3?
-4462
In base 4, what is -132111 - 13?
-132130
In base 11, what is -7 + -2363?
-236a
In base 6, what is -21415 + 1?
-21414
In base 10, what is 336 + -5?
331
In base 4, what is -101 - -30?
-11
In base 2, what is 100 - 11111101?
-11111001
In base 15, what is 1 + 0?
1
In base 2, what is -10101101 - 10?
-10101111
In base 8, what is 44 - -6?
52
In base 7, what is 5153 + 1?
5154
In base 2, what is -1011100101100 + -11?
-1011100101111
In base 6, what is -25013 - -2?
-25011
In base 13, what is -c - 21?
-30
In base 5, what is -3 - -21422?
21414
In base 12, what is -450 + 3?
-449
In base 16, what is -112 + -1?
-113
In base 9, what is -315 + 0?
-315
In base 8, what is 16634 + -5?
16627
In base 3, what is 11 - -220201?
220212
In base 3, what is 20 - -210222?
211012
In base 13, what is 75 + -12?
63
In base 14, what is dd - -2?
101
In base 13, what is -2 - 782?
-784
In base 9, what is -632 + -5?
-637
In base 7, what is 1 - 420?
-416
In base 6, what is -34 - 131?
-205
In base 8, what is -46 - -16?
-30
In base 9, what is -737 - 0?
-737
In base 2, what is 1111010100100 + 1?
1111010100101
In base 5, what is -11240 + 1?
-11234
In base 11, what is 3 - 19a?
-197
In base 8, what is -621 + -37?
-660
In base 15, what is -9 - -ba?
b1
In base 15, what is 3 + 64e?
652
In base 7, what is 5 + -6200?
-6162
In base 4, what is 1120 + 321?
2101
In base 9, what is 253 - 16?
236
In base 4, what is 3231 + -113?
3112
In base 3, what is 1020 + 121?
1211
In base 16, what is -7 - -a0?
99
In base 2, what is 101110 + 1?
101111
In base 10, what is 4 + -16?
-12
In base 7, what is -10 - -36?
26
In base 16, what is 4 + -23?
-1f
In base 16, what is 0 - -62?
62
In base 5, what is 14 - -32?
101
In base 15, what is -56 + 1a?
-3b
In base 4, what is -21 + 303?
222
In base 12, what is -2 - 629?
-62b
In base 15, what is 12 - 2?
10
In base 14, what is -33 - -1?
-32
In base 14, what is -15 - -5?
-10
In base 3, what is 110211 + 1122?
112110
In base 8, what is -77763 + -1?
-77764
In base 3, what is 200 - -1001?
1201
In base 7, what is 13032 - -3?
13035
In base 5, what is 121 - 140?
-14
In base 12, what is -5 + -b0?
-b5
In base 6, what is 120 - 13?
103
In base 8, what is -514 - 3?
-517
In base 16, what is -1f - 1?
-20
In base 7, what is -3 - 21124?
-21130
In base 6, what is -4 + 250?
242
In base 2, what is -10011 + 1110?
-101
In base 11, what is 2a9 - 15?
294
In base 11, what is -13a - -1?
-139
In base 6, what is 0 - -312?
312
In base 12, what is 3 + 32?
35
In base 16, what is 9 - -1dd?
1e6
In base 10, what is 521 - -2?
523
In base 2, what is 11 + 111100110000?
111100110011
In base 12, what is 91 - a5?
-14
In base 9, what is -10707 + 3?
-10704
In base 16, what is -11f4 - 4?
-11f8
In base 13, what is -2a3 + -10?
-2b3
In base 10, what is 1729 + 4?
1733
In base 9, what is 58 - -7?
66
In base 14, what is -7 - 58?
-61
In base 12, what is -3 - 8?
-b
In base 8, what is 27654 - -3?
27657
In base 10, what is 4 - -3316?
3320
In base 6, what is 0 - 31?
-31
In base 7, what is -3 - -101?
65
In base 6, what is 5333 + 1?
5334
In base 3, what is 2022 + 11?
2110
In base 11, what is -187 - -5?
-182
In base 15, what is 26 - 4?
22
In base 12, what is -17ba - 0?
-17ba
In base 5, what is -4 + -12144?
-12203
In base 4, what is -11130 - 0?
-11130
In base 5, what is 1 + 23100?
23101
In base 16, what is 172 + 4?
176
In base 8, what is 20 + 21?
41
In base 13, what is 12 + -34?
-22
In base 6, what is 4223 + 5?
4232
In base 9, what is 326 - -1?
327
In base 7, what is -111 - 5?
-116
In base 10, what is -453 + 5?
-448
In base 15, what is -4 - c5?
-c9
In base 3, what is -1010 + -121?
-1201
In base 11, what is -1a346 + 1?
-1a345
In base 15, what is 6d - a?
63
In base 15, what is 20e + 0?
20e
In base 3, what is -120 - -120?
0
In base 2, what is 100 - -1010110?
1011010
In base 6, what is -3 - -214?
211
In base 3, what is 102102 + -1001?
101101
In base 12, what is b - -3a0?
3ab
In base 2, what is -1000011 + -1101?
-1010000
In base 9, what is 4 + 8?
13
In base 8, what is 0 - -32?
32
In base 16, what is -9 - 5?
-e
In base 11, what is -12 - -340?
329
In base 9, what is -3 + 28?
25
In base 9, what is 675 - -6?
682
In base 12, what is a28 + -5?
a23
In base 13, what is -2 + -2a2?
-2a4
In base 2, what is 110010001 + -11?
110001110
In base 7, what is 0 + -6262?
-6262
In base 7, what is -14 + 5?
-6
In base 2, what is 11 + -10001011?
-10001000
In base 12, what is 3 - 14?
-11
In base 16, what is -1a + 1fa?
1e0
In base 10, what is 37 - -177?
214
In base 4, what is 11 - 3?
2
In base 10, what is 76 + 280?
356
In base 15, what is 4 - -55?
59
In base 5, what is -10240 - 3?
-10243
In base 12, what is 14 - -2?
16
In base 6, what is -543 + 13?
-530
In base 5, what is 3330 + 1?
3331
In base 8, what is 77 - 15?
62
In base 2, what is -10 + -11111111?
-100000001
In base 13, what is 7 - 237?
-230
In base 5, what is -1 + -10443?
-10444
In base 12, what is -4 - 2390?
-2394
In base 2, what is -101 - -101100111111?
101100111010
In base 10, what is 1571 + 1?
1572
In base 2, what is -11010 - -1?
-11001
In base 5, what is -20 + -1020?
-1040
In base 16, what is 5 - 75?
-70
In base 12, what is 5a - 29?
31
In base 2, what is 1011 + -10000?
-101
In base 9, what is -4 - 0?
-4
In base 2, what is 100011 + 1011111?
10000010
In base 6, what is 0 + 110041?
110041
In base 5, what is -21400 + -2?
-21402
In base 13, what is b9c + 4?
ba3
In base 11, what is -6 + -1635?
-1640
In base 15, what is 1 + -82a?
-829
In base 9, what is 22 + 26?
48
In base 7, what is -4 - -10236?
10232
In base 3, what is 2 - -2000?
2002
In base 14, what is 0 - -b4d?
b4d
In base 4, what is -1 + -231220?
-2